{"id":1584,"date":"2023-02-15T16:56:56","date_gmt":"2023-02-15T09:56:56","guid":{"rendered":"https:\/\/tinhyeu.gnh.vn\/?page_id=1584"},"modified":"2023-02-17T13:49:28","modified_gmt":"2023-02-17T06:49:28","slug":"tyhn3g-k5-hanh-trinh-ky-luat","status":"publish","type":"page","link":"https:\/\/tinhyeu.gnh.vn\/?page_id=1584","title":{"rendered":"TYHN3G K5 H\u00c0NH TR\u00ccNH K\u1ef6 LU\u1eacT"},"content":{"rendered":"\n[tabgroup title=&#8221;TYHN3G K5 H\u00c0NH TR\u00ccNH K\u1ef6 LU\u1eacT&#8221; style=&#8221;tabs&#8221; align=&#8221;center&#8221;]\n\n[tab title=&#8221;TU\u1ea6N 1&#8243;]\n\n<p><em><strong>*CH\u00da TH\u00cdCH:<\/strong><\/em><\/p>\n<p>&nbsp; &nbsp; &nbsp; &nbsp; &nbsp;&nbsp;\u2705&nbsp;: \u0110\u00e3 ho\u00e0n th\u00e0nh \u0111\u00fang gi\u1edd<\/p>\n<p>&nbsp; &nbsp; &nbsp; &nbsp; &nbsp;&nbsp;\u274c&nbsp;: Ch\u01b0a ho\u00e0n th\u00e0nh ho\u1eb7c tr\u1ec5 gi\u1edd<\/p>\n<p>&nbsp; &nbsp; &nbsp; &nbsp; &nbsp;\u0110D: \u0110I\u1ec2M DANH<\/p>\n<p>&nbsp; &nbsp; &nbsp; &nbsp; &nbsp;TH: B\u00c0I TH\u1ef0C H\u00c0NH<\/p>\n<p>&nbsp; &nbsp; &nbsp; &nbsp; &nbsp;LMN: L\u1edcI MU\u1ed0N N\u00d3I<\/p>\n<p><strong>&nbsp; &nbsp; &nbsp; &nbsp; &nbsp;** B\u1ea1n nh\u1eadp m\u00e3 h\u00e0nh kh\u00e1ch trong \u00f4 <em>\u201cT\u00ecm\u201d.<\/em><\/strong><\/p>\n<p><em>&nbsp; &nbsp; &nbsp; &nbsp; &nbsp;<strong>Khi d\u00f9ng \u0111i\u1ec7n tho\u1ea1i, xoay ngang m\u00e0n h\u00ecnh v\u00e0 k\u00e9o sang ph\u1ea3i \u0111\u1ec3 d\u1ec5 nh\u00ecn<\/strong><\/em><\/p>\n<p>[wpdatatable id=3 table_view=regular]<\/p>\n\n[\/tab]\n[tab title=&#8221;TU\u1ea6N 2&#8243;]\n\n<p><em><strong>*CH\u00da TH\u00cdCH:<\/strong><\/em><\/p>\n<p>&nbsp; &nbsp; &nbsp; &nbsp; &nbsp;&nbsp;\u2705&nbsp;: \u0110\u00e3 ho\u00e0n th\u00e0nh \u0111\u00fang gi\u1edd<\/p>\n<p>&nbsp; &nbsp; &nbsp; &nbsp; &nbsp;&nbsp;\u274c&nbsp;: Ch\u01b0a ho\u00e0n th\u00e0nh ho\u1eb7c tr\u1ec5 gi\u1edd<\/p>\n<p>&nbsp; &nbsp; &nbsp; &nbsp; &nbsp;\u0110D: \u0110I\u1ec2M DANH<\/p>\n<p>&nbsp; &nbsp; &nbsp; &nbsp; &nbsp;TH: B\u00c0I TH\u1ef0C H\u00c0NH<\/p>\n<p>&nbsp; &nbsp; &nbsp; &nbsp; &nbsp;LMN: L\u1edcI MU\u1ed0N N\u00d3I<\/p>\n<p><strong>&nbsp; &nbsp; &nbsp; &nbsp; &nbsp;** B\u1ea1n nh\u1eadp m\u00e3 h\u00e0nh kh\u00e1ch trong \u00f4 <em>\u201cT\u00ecm\u201d.<\/em><\/strong><\/p>\n<p><em>&nbsp; &nbsp; &nbsp; &nbsp; &nbsp;<strong>Khi d\u00f9ng \u0111i\u1ec7n tho\u1ea1i, xoay ngang m\u00e0n h\u00ecnh v\u00e0 k\u00e9o sang ph\u1ea3i \u0111\u1ec3 d\u1ec5 nh\u00ecn<\/strong><\/em><\/p>\n<p>[wpdatatable id=4 table_view=regular]<\/p>\n\n[\/tab]\n[tab title=&#8221;TU\u1ea6N 3&#8243;]\n\n<p><em><strong>*CH\u00da TH\u00cdCH:<\/strong><\/em><\/p>\n<p>&nbsp; &nbsp; &nbsp; &nbsp; &nbsp;&nbsp;\u2705&nbsp;: \u0110\u00e3 ho\u00e0n th\u00e0nh \u0111\u00fang gi\u1edd<\/p>\n<p>&nbsp; &nbsp; &nbsp; &nbsp; &nbsp;&nbsp;\u274c&nbsp;: Ch\u01b0a ho\u00e0n th\u00e0nh ho\u1eb7c tr\u1ec5 gi\u1edd<\/p>\n<p>&nbsp; &nbsp; &nbsp; &nbsp; &nbsp;\u0110D: \u0110I\u1ec2M DANH<\/p>\n<p>&nbsp; &nbsp; &nbsp; &nbsp; &nbsp;TH: B\u00c0I TH\u1ef0C H\u00c0NH<\/p>\n<p>&nbsp; &nbsp; &nbsp; &nbsp; &nbsp;LMN: L\u1edcI MU\u1ed0N N\u00d3I<\/p>\n<p><strong>&nbsp; &nbsp; &nbsp; &nbsp; &nbsp;** B\u1ea1n nh\u1eadp m\u00e3 h\u00e0nh kh\u00e1ch trong \u00f4 <em>\u201cT\u00ecm\u201d.<\/em><\/strong><\/p>\n<p><em>&nbsp; &nbsp; &nbsp; &nbsp; &nbsp;<strong>Khi d\u00f9ng \u0111i\u1ec7n tho\u1ea1i, xoay ngang m\u00e0n h\u00ecnh v\u00e0 k\u00e9o sang ph\u1ea3i \u0111\u1ec3 d\u1ec5 nh\u00ecn<\/strong><\/em><\/p>\n\n[\/tab]\n[tab title=&#8221;TU\u1ea6N 4&#8243;]\n\n<p><em><strong>*CH\u00da TH\u00cdCH:<\/strong><\/em><\/p>\n<p>&nbsp; &nbsp; &nbsp; &nbsp; &nbsp;&nbsp;\u2705&nbsp;: \u0110\u00e3 ho\u00e0n th\u00e0nh \u0111\u00fang gi\u1edd<\/p>\n<p>&nbsp; &nbsp; &nbsp; &nbsp; &nbsp;&nbsp;\u274c&nbsp;: Ch\u01b0a ho\u00e0n th\u00e0nh ho\u1eb7c tr\u1ec5 gi\u1edd<\/p>\n<p>&nbsp; &nbsp; &nbsp; &nbsp; &nbsp;\u0110D: \u0110I\u1ec2M DANH<\/p>\n<p>&nbsp; &nbsp; &nbsp; &nbsp; &nbsp;TH: B\u00c0I TH\u1ef0C H\u00c0NH<\/p>\n<p>&nbsp; &nbsp; &nbsp; &nbsp; &nbsp;LMN: L\u1edcI MU\u1ed0N N\u00d3I<\/p>\n<p><strong>&nbsp; &nbsp; &nbsp; &nbsp; &nbsp;** B\u1ea1n nh\u1eadp m\u00e3 h\u00e0nh kh\u00e1ch trong \u00f4 <em>\u201cT\u00ecm\u201d.<\/em><\/strong><\/p>\n<p><em>&nbsp; &nbsp; &nbsp; &nbsp; &nbsp;<strong>Khi d\u00f9ng \u0111i\u1ec7n tho\u1ea1i, xoay ngang m\u00e0n h\u00ecnh v\u00e0 k\u00e9o sang ph\u1ea3i \u0111\u1ec3 d\u1ec5 nh\u00ecn<\/strong><\/em><\/p>\n\n[\/tab]\n\n[\/tabgroup]\n","protected":false},"excerpt":{"rendered":"","protected":false},"author":1,"featured_media":3945,"parent":0,"menu_order":0,"comment_status":"closed","ping_status":"closed","template":"","meta":{"_cloudinary_featured_overwrite":false,"footnotes":""},"class_list":["post-1584","page","type-page","status-publish","has-post-thumbnail","hentry"],"_links":{"self":[{"href":"https:\/\/tinhyeu.gnh.vn\/index.php?rest_route=\/wp\/v2\/pages\/1584","targetHints":{"allow":["GET"]}}],"collection":[{"href":"https:\/\/tinhyeu.gnh.vn\/index.php?rest_route=\/wp\/v2\/pages"}],"about":[{"href":"https:\/\/tinhyeu.gnh.vn\/index.php?rest_route=\/wp\/v2\/types\/page"}],"author":[{"embeddable":true,"href":"https:\/\/tinhyeu.gnh.vn\/index.php?rest_route=\/wp\/v2\/users\/1"}],"replies":[{"embeddable":true,"href":"https:\/\/tinhyeu.gnh.vn\/index.php?rest_route=%2Fwp%2Fv2%2Fcomments&post=1584"}],"version-history":[{"count":11,"href":"https:\/\/tinhyeu.gnh.vn\/index.php?rest_route=\/wp\/v2\/pages\/1584\/revisions"}],"predecessor-version":[{"id":2949,"href":"https:\/\/tinhyeu.gnh.vn\/index.php?rest_route=\/wp\/v2\/pages\/1584\/revisions\/2949"}],"wp:featuredmedia":[{"embeddable":true,"href":"https:\/\/tinhyeu.gnh.vn\/index.php?rest_route=\/wp\/v2\/media\/3945"}],"wp:attachment":[{"href":"https:\/\/tinhyeu.gnh.vn\/index.php?rest_route=%2Fwp%2Fv2%2Fmedia&parent=1584"}],"curies":[{"name":"wp","href":"https:\/\/api.w.org\/{rel}","templated":true}]}}